{"id":2916,"date":"2022-02-28T11:59:40","date_gmt":"2022-02-28T10:59:40","guid":{"rendered":"https:\/\/esztergom-anno.hu.webhost.v-comp.ch\/?page_id=2916"},"modified":"2022-03-06T14:41:45","modified_gmt":"2022-03-06T13:41:45","slug":"szabad-esztergom","status":"publish","type":"page","link":"https:\/\/esztergom-anno.hu.webhost.v-comp.ch\/?page_id=2916","title":{"rendered":"Szabad Esztergom"},"content":{"rendered":"\n<div data-wp-interactive=\"core\/file\" class=\"wp-block-file\"><object data-wp-bind--hidden=\"!state.hasPdfPreview\" hidden class=\"wp-block-file__embed\" data=\"http:\/\/esztergom-anno.hu.webhost.v-comp.ch\/wp-content\/uploads\/2008\/04\/20080411-szabadesztergom-19480411.pdf\" type=\"application\/pdf\" style=\"width:100%;height:200px\" aria-label=\"Szabad Esztergom 1948. \u00e1prilis 11. be\u00e1gyaz\u00e1sa be\u00e1gyaz\u00e1sa\"><\/object><a id=\"wp-block-file--media-7d3580d3-5106-4587-8e96-aa2627cb3d30\" href=\"http:\/\/esztergom-anno.hu.webhost.v-comp.ch\/wp-content\/uploads\/2008\/04\/20080411-szabadesztergom-19480411.pdf\" target=\"_blank\" rel=\"noreferrer noopener\">Szabad Esztergom 1948. \u00e1prilis 11.<\/a><\/div>\n\n\n\n<div data-wp-interactive=\"core\/file\" class=\"wp-block-file\"><object data-wp-bind--hidden=\"!state.hasPdfPreview\" hidden class=\"wp-block-file__embed\" data=\"http:\/\/esztergom-anno.hu.webhost.v-comp.ch\/wp-content\/uploads\/2008\/05\/20080502-szabadesztergom-19480502.pdf\" type=\"application\/pdf\" style=\"width:100%;height:200px\" aria-label=\"Szabad Esztergom 1948. m\u00e1jus 02. be\u00e1gyaz\u00e1sa be\u00e1gyaz\u00e1sa\"><\/object><a id=\"wp-block-file--media-b08e606e-9dc9-41b0-bc80-7efea0569f9a\" href=\"http:\/\/esztergom-anno.hu.webhost.v-comp.ch\/wp-content\/uploads\/2008\/05\/20080502-szabadesztergom-19480502.pdf\" target=\"_blank\" rel=\"noreferrer noopener\">Szabad Esztergom 1948. m\u00e1jus 02.<\/a><\/div>\n","protected":false},"excerpt":{"rendered":"","protected":false},"author":1,"featured_media":0,"parent":0,"menu_order":0,"comment_status":"closed","ping_status":"closed","template":"","meta":{"footnotes":""},"class_list":["post-2916","page","type-page","status-publish","hentry"],"_links":{"self":[{"href":"https:\/\/esztergom-anno.hu.webhost.v-comp.ch\/index.php?rest_route=\/wp\/v2\/pages\/2916","targetHints":{"allow":["GET"]}}],"collection":[{"href":"https:\/\/esztergom-anno.hu.webhost.v-comp.ch\/index.php?rest_route=\/wp\/v2\/pages"}],"about":[{"href":"https:\/\/esztergom-anno.hu.webhost.v-comp.ch\/index.php?rest_route=\/wp\/v2\/types\/page"}],"author":[{"embeddable":true,"href":"https:\/\/esztergom-anno.hu.webhost.v-comp.ch\/index.php?rest_route=\/wp\/v2\/users\/1"}],"replies":[{"embeddable":true,"href":"https:\/\/esztergom-anno.hu.webhost.v-comp.ch\/index.php?rest_route=%2Fwp%2Fv2%2Fcomments&post=2916"}],"version-history":[{"count":5,"href":"https:\/\/esztergom-anno.hu.webhost.v-comp.ch\/index.php?rest_route=\/wp\/v2\/pages\/2916\/revisions"}],"predecessor-version":[{"id":3131,"href":"https:\/\/esztergom-anno.hu.webhost.v-comp.ch\/index.php?rest_route=\/wp\/v2\/pages\/2916\/revisions\/3131"}],"wp:attachment":[{"href":"https:\/\/esztergom-anno.hu.webhost.v-comp.ch\/index.php?rest_route=%2Fwp%2Fv2%2Fmedia&parent=2916"}],"curies":[{"name":"wp","href":"https:\/\/api.w.org\/{rel}","templated":true}]}}

<div data-wp-interactive="core/file" class="wp-block-file"><object data-wp-bind--hidden="!state.hasPdfPreview" hidden class="wp-block-file__embed" data="http://esztergom-anno.hu.webhost.v-comp.ch/wp-content/uploads/2008/04/20080411-szabadesztergom-19480411.pdf" type="application/pdf" style="width:100%;height:200px" aria-label="Szabad Esztergom 1948. április 11. beágyazása beágyazása"></object><a id="wp-block-file--media-7d3580d3-5106-4587-8e96-aa2627cb3d30" href="http://esztergom-anno.hu.webhost.v-comp.ch/wp-content/uploads/2008/04/20080411-szabadesztergom-19480411.pdf" target="_blank" rel="noreferrer noopener">Szabad Esztergom 1948. április 11.</a></div>



<div data-wp-interactive="core/file" class="wp-block-file"><object data-wp-bind--hidden="!state.hasPdfPreview" hidden class="wp-block-file__embed" data="http://esztergom-anno.hu.webhost.v-comp.ch/wp-content/uploads/2008/05/20080502-szabadesztergom-19480502.pdf" type="application/pdf" style="width:100%;height:200px" aria-label="Szabad Esztergom 1948. május 02. beágyazása beágyazása"></object><a id="wp-block-file--media-b08e606e-9dc9-41b0-bc80-7efea0569f9a" href="http://esztergom-anno.hu.webhost.v-comp.ch/wp-content/uploads/2008/05/20080502-szabadesztergom-19480502.pdf" target="_blank" rel="noreferrer noopener">Szabad Esztergom 1948. május 02.</a></div>
