{"id":2914,"date":"2022-02-28T11:59:23","date_gmt":"2022-02-28T10:59:23","guid":{"rendered":"https:\/\/esztergom-anno.hu.webhost.v-comp.ch\/?page_id=2914"},"modified":"2022-02-28T17:47:57","modified_gmt":"2022-02-28T16:47:57","slug":"kapcsolat","status":"publish","type":"page","link":"https:\/\/esztergom-anno.hu.webhost.v-comp.ch\/?page_id=2914","title":{"rendered":"Kapcsolat"},"content":{"rendered":"\n<p>V\u00e1rom az oldallal kapcsolatos \u00e9szrev\u00e9teleket, v\u00e9lem\u00e9nyeket, \u00f6tleteket.<\/p>\n\n\n\n<p>Inform\u00e1ci\u00f3k: <a href=\"mailto:info@esztergom-anno.hu\">info@esztergom-anno.hu<\/a><\/p>\n\n\n\n<p>Szem\u00e9lyes kapcsolat: <a href=\"mailto:attila.sarosi@esztergom-anno.hu\">attila.sarosi@esztergom-anno.hu<\/a><\/p>\n","protected":false},"excerpt":{"rendered":"<p>V\u00e1rom az oldallal kapcsolatos \u00e9szrev\u00e9teleket, v\u00e9lem\u00e9nyeket, \u00f6tleteket. Inform\u00e1ci\u00f3k: info@esztergom-anno.hu Szem\u00e9lyes kapcsolat: attila.sarosi@esztergom-anno.hu<\/p>\n","protected":false},"author":1,"featured_media":0,"parent":0,"menu_order":0,"comment_status":"closed","ping_status":"closed","template":"","meta":{"footnotes":""},"class_list":["post-2914","page","type-page","status-publish","hentry"],"_links":{"self":[{"href":"https:\/\/esztergom-anno.hu.webhost.v-comp.ch\/index.php?rest_route=\/wp\/v2\/pages\/2914","targetHints":{"allow":["GET"]}}],"collection":[{"href":"https:\/\/esztergom-anno.hu.webhost.v-comp.ch\/index.php?rest_route=\/wp\/v2\/pages"}],"about":[{"href":"https:\/\/esztergom-anno.hu.webhost.v-comp.ch\/index.php?rest_route=\/wp\/v2\/types\/page"}],"author":[{"embeddable":true,"href":"https:\/\/esztergom-anno.hu.webhost.v-comp.ch\/index.php?rest_route=\/wp\/v2\/users\/1"}],"replies":[{"embeddable":true,"href":"https:\/\/esztergom-anno.hu.webhost.v-comp.ch\/index.php?rest_route=%2Fwp%2Fv2%2Fcomments&post=2914"}],"version-history":[{"count":2,"href":"https:\/\/esztergom-anno.hu.webhost.v-comp.ch\/index.php?rest_route=\/wp\/v2\/pages\/2914\/revisions"}],"predecessor-version":[{"id":2997,"href":"https:\/\/esztergom-anno.hu.webhost.v-comp.ch\/index.php?rest_route=\/wp\/v2\/pages\/2914\/revisions\/2997"}],"wp:attachment":[{"href":"https:\/\/esztergom-anno.hu.webhost.v-comp.ch\/index.php?rest_route=%2Fwp%2Fv2%2Fmedia&parent=2914"}],"curies":[{"name":"wp","href":"https:\/\/api.w.org\/{rel}","templated":true}]}}

<p>Várom az oldallal kapcsolatos észrevételeket, véleményeket, ötleteket.</p>



<p>Információk: <a href="mailto:info@esztergom-anno.hu">info@esztergom-anno.hu</a></p>



<p>Személyes kapcsolat: <a href="mailto:attila.sarosi@esztergom-anno.hu">attila.sarosi@esztergom-anno.hu</a></p>

<p>Várom az oldallal kapcsolatos észrevételeket, véleményeket, ötleteket. Információk: info@esztergom-anno.hu Személyes kapcsolat: attila.sarosi@esztergom-anno.hu</p>
