{"id":2812,"date":"2022-02-25T12:08:38","date_gmt":"2022-02-25T11:08:38","guid":{"rendered":"https:\/\/esztergom-anno.hu.webhost.v-comp.ch\/?page_id=2812"},"modified":"2022-03-06T11:38:48","modified_gmt":"2022-03-06T10:38:48","slug":"kepeslapok-kozponti-kavehaz","status":"publish","type":"page","link":"https:\/\/esztergom-anno.hu.webhost.v-comp.ch\/?page_id=2812","title":{"rendered":"K\u00e9peslapok \/ K\u00f6zponti K\u00e1v\u00e9h\u00e1z"},"content":{"rendered":"\n<figure class=\"wp-block-gallery has-nested-images columns-4 is-cropped wp-block-gallery-1 is-layout-flex wp-block-gallery-is-layout-flex\">\n<figure class=\"wp-block-image size-large\"><a href=\"https:\/\/esztergom-anno.hu.webhost.v-comp.ch\/wp-content\/uploads\/2007\/09\/Esztergom.Central-Cafe.jpg\"><img loading=\"lazy\" decoding=\"async\" width=\"800\" height=\"498\" data-id=\"1226\" src=\"http:\/\/esztergom-anno.hu.webhost.v-comp.ch\/wp-content\/uploads\/2007\/09\/Esztergom.Central-Cafe.jpg\" alt=\"\" class=\"wp-image-1226\" srcset=\"https:\/\/esztergom-anno.hu.webhost.v-comp.ch\/wp-content\/uploads\/2007\/09\/Esztergom.Central-Cafe.jpg 800w, https:\/\/esztergom-anno.hu.webhost.v-comp.ch\/wp-content\/uploads\/2007\/09\/Esztergom.Central-Cafe-300x187.jpg 300w, https:\/\/esztergom-anno.hu.webhost.v-comp.ch\/wp-content\/uploads\/2007\/09\/Esztergom.Central-Cafe-768x478.jpg 768w\" sizes=\"auto, (max-width: 800px) 85vw, 800px\" \/><\/a><\/figure>\n\n\n\n<figure class=\"wp-block-image size-large\"><a href=\"https:\/\/esztergom-anno.hu.webhost.v-comp.ch\/wp-content\/uploads\/2007\/09\/1_3006.jpg\"><img loading=\"lazy\" decoding=\"async\" width=\"300\" height=\"189\" data-id=\"1225\" src=\"http:\/\/esztergom-anno.hu.webhost.v-comp.ch\/wp-content\/uploads\/2007\/09\/1_3006.jpg\" alt=\"\" class=\"wp-image-1225\"\/><\/a><\/figure>\n\n\n\n<figure class=\"wp-block-image size-large\"><a href=\"https:\/\/esztergom-anno.hu.webhost.v-comp.ch\/wp-content\/uploads\/2007\/03\/001-2.jpg\"><img loading=\"lazy\" decoding=\"async\" width=\"1650\" height=\"1035\" data-id=\"1219\" src=\"http:\/\/esztergom-anno.hu.webhost.v-comp.ch\/wp-content\/uploads\/2007\/03\/001-2.jpg\" alt=\"\" class=\"wp-image-1219\" srcset=\"https:\/\/esztergom-anno.hu.webhost.v-comp.ch\/wp-content\/uploads\/2007\/03\/001-2.jpg 1650w, https:\/\/esztergom-anno.hu.webhost.v-comp.ch\/wp-content\/uploads\/2007\/03\/001-2-300x188.jpg 300w, https:\/\/esztergom-anno.hu.webhost.v-comp.ch\/wp-content\/uploads\/2007\/03\/001-2-1024x642.jpg 1024w, https:\/\/esztergom-anno.hu.webhost.v-comp.ch\/wp-content\/uploads\/2007\/03\/001-2-768x482.jpg 768w, https:\/\/esztergom-anno.hu.webhost.v-comp.ch\/wp-content\/uploads\/2007\/03\/001-2-1536x963.jpg 1536w\" sizes=\"auto, (max-width: 709px) 85vw, (max-width: 909px) 67vw, (max-width: 1362px) 62vw, 840px\" \/><\/a><\/figure>\n\n\n\n<figure class=\"wp-block-image size-large\"><a href=\"https:\/\/esztergom-anno.hu.webhost.v-comp.ch\/wp-content\/uploads\/2007\/03\/002-1.jpg\"><img loading=\"lazy\" decoding=\"async\" width=\"1470\" height=\"1032\" data-id=\"1220\" src=\"http:\/\/esztergom-anno.hu.webhost.v-comp.ch\/wp-content\/uploads\/2007\/03\/002-1.jpg\" alt=\"\" class=\"wp-image-1220\" srcset=\"https:\/\/esztergom-anno.hu.webhost.v-comp.ch\/wp-content\/uploads\/2007\/03\/002-1.jpg 1470w, https:\/\/esztergom-anno.hu.webhost.v-comp.ch\/wp-content\/uploads\/2007\/03\/002-1-300x211.jpg 300w, https:\/\/esztergom-anno.hu.webhost.v-comp.ch\/wp-content\/uploads\/2007\/03\/002-1-1024x719.jpg 1024w, https:\/\/esztergom-anno.hu.webhost.v-comp.ch\/wp-content\/uploads\/2007\/03\/002-1-768x539.jpg 768w\" sizes=\"auto, (max-width: 709px) 85vw, (max-width: 909px) 67vw, (max-width: 1362px) 62vw, 840px\" \/><\/a><\/figure>\n\n\n\n<figure class=\"wp-block-image size-large\"><a href=\"https:\/\/esztergom-anno.hu.webhost.v-comp.ch\/wp-content\/uploads\/2007\/03\/003-1.jpg\"><img loading=\"lazy\" decoding=\"async\" width=\"1452\" height=\"1020\" data-id=\"1221\" src=\"http:\/\/esztergom-anno.hu.webhost.v-comp.ch\/wp-content\/uploads\/2007\/03\/003-1.jpg\" alt=\"\" class=\"wp-image-1221\" srcset=\"https:\/\/esztergom-anno.hu.webhost.v-comp.ch\/wp-content\/uploads\/2007\/03\/003-1.jpg 1452w, https:\/\/esztergom-anno.hu.webhost.v-comp.ch\/wp-content\/uploads\/2007\/03\/003-1-300x211.jpg 300w, https:\/\/esztergom-anno.hu.webhost.v-comp.ch\/wp-content\/uploads\/2007\/03\/003-1-1024x719.jpg 1024w, https:\/\/esztergom-anno.hu.webhost.v-comp.ch\/wp-content\/uploads\/2007\/03\/003-1-768x540.jpg 768w\" sizes=\"auto, (max-width: 709px) 85vw, (max-width: 909px) 67vw, (max-width: 1362px) 62vw, 840px\" \/><\/a><\/figure>\n\n\n\n<figure class=\"wp-block-image size-large\"><a href=\"https:\/\/esztergom-anno.hu.webhost.v-comp.ch\/wp-content\/uploads\/2007\/03\/004-1.jpg\"><img loading=\"lazy\" decoding=\"async\" width=\"1668\" height=\"1044\" data-id=\"1222\" src=\"http:\/\/esztergom-anno.hu.webhost.v-comp.ch\/wp-content\/uploads\/2007\/03\/004-1.jpg\" alt=\"\" class=\"wp-image-1222\" srcset=\"https:\/\/esztergom-anno.hu.webhost.v-comp.ch\/wp-content\/uploads\/2007\/03\/004-1.jpg 1668w, https:\/\/esztergom-anno.hu.webhost.v-comp.ch\/wp-content\/uploads\/2007\/03\/004-1-300x188.jpg 300w, https:\/\/esztergom-anno.hu.webhost.v-comp.ch\/wp-content\/uploads\/2007\/03\/004-1-1024x641.jpg 1024w, https:\/\/esztergom-anno.hu.webhost.v-comp.ch\/wp-content\/uploads\/2007\/03\/004-1-768x481.jpg 768w, https:\/\/esztergom-anno.hu.webhost.v-comp.ch\/wp-content\/uploads\/2007\/03\/004-1-1536x961.jpg 1536w\" sizes=\"auto, (max-width: 709px) 85vw, (max-width: 909px) 67vw, (max-width: 1362px) 62vw, 840px\" \/><\/a><\/figure>\n\n\n\n<figure class=\"wp-block-image size-large\"><a href=\"https:\/\/esztergom-anno.hu.webhost.v-comp.ch\/wp-content\/uploads\/2007\/03\/005-1.jpg\"><img loading=\"lazy\" decoding=\"async\" width=\"1671\" height=\"1044\" data-id=\"1223\" src=\"http:\/\/esztergom-anno.hu.webhost.v-comp.ch\/wp-content\/uploads\/2007\/03\/005-1.jpg\" alt=\"\" class=\"wp-image-1223\" srcset=\"https:\/\/esztergom-anno.hu.webhost.v-comp.ch\/wp-content\/uploads\/2007\/03\/005-1.jpg 1671w, https:\/\/esztergom-anno.hu.webhost.v-comp.ch\/wp-content\/uploads\/2007\/03\/005-1-300x187.jpg 300w, https:\/\/esztergom-anno.hu.webhost.v-comp.ch\/wp-content\/uploads\/2007\/03\/005-1-1024x640.jpg 1024w, https:\/\/esztergom-anno.hu.webhost.v-comp.ch\/wp-content\/uploads\/2007\/03\/005-1-768x480.jpg 768w, https:\/\/esztergom-anno.hu.webhost.v-comp.ch\/wp-content\/uploads\/2007\/03\/005-1-1536x960.jpg 1536w\" sizes=\"auto, (max-width: 709px) 85vw, (max-width: 909px) 67vw, (max-width: 1362px) 62vw, 840px\" \/><\/a><\/figure>\n\n\n\n<figure class=\"wp-block-image size-large\"><a href=\"https:\/\/esztergom-anno.hu.webhost.v-comp.ch\/wp-content\/uploads\/2007\/03\/006-1.jpg\"><img loading=\"lazy\" decoding=\"async\" width=\"761\" height=\"501\" data-id=\"1224\" src=\"http:\/\/esztergom-anno.hu.webhost.v-comp.ch\/wp-content\/uploads\/2007\/03\/006-1.jpg\" alt=\"\" class=\"wp-image-1224\" srcset=\"https:\/\/esztergom-anno.hu.webhost.v-comp.ch\/wp-content\/uploads\/2007\/03\/006-1.jpg 761w, https:\/\/esztergom-anno.hu.webhost.v-comp.ch\/wp-content\/uploads\/2007\/03\/006-1-300x198.jpg 300w\" sizes=\"auto, (max-width: 761px) 85vw, 761px\" \/><\/a><\/figure>\n<\/figure>\n","protected":false},"excerpt":{"rendered":"","protected":false},"author":1,"featured_media":0,"parent":0,"menu_order":0,"comment_status":"closed","ping_status":"closed","template":"","meta":{"footnotes":""},"class_list":["post-2812","page","type-page","status-publish","hentry"],"_links":{"self":[{"href":"https:\/\/esztergom-anno.hu.webhost.v-comp.ch\/index.php?rest_route=\/wp\/v2\/pages\/2812","targetHints":{"allow":["GET"]}}],"collection":[{"href":"https:\/\/esztergom-anno.hu.webhost.v-comp.ch\/index.php?rest_route=\/wp\/v2\/pages"}],"about":[{"href":"https:\/\/esztergom-anno.hu.webhost.v-comp.ch\/index.php?rest_route=\/wp\/v2\/types\/page"}],"author":[{"embeddable":true,"href":"https:\/\/esztergom-anno.hu.webhost.v-comp.ch\/index.php?rest_route=\/wp\/v2\/users\/1"}],"replies":[{"embeddable":true,"href":"https:\/\/esztergom-anno.hu.webhost.v-comp.ch\/index.php?rest_route=%2Fwp%2Fv2%2Fcomments&post=2812"}],"version-history":[{"count":2,"href":"https:\/\/esztergom-anno.hu.webhost.v-comp.ch\/index.php?rest_route=\/wp\/v2\/pages\/2812\/revisions"}],"predecessor-version":[{"id":3038,"href":"https:\/\/esztergom-anno.hu.webhost.v-comp.ch\/index.php?rest_route=\/wp\/v2\/pages\/2812\/revisions\/3038"}],"wp:attachment":[{"href":"https:\/\/esztergom-anno.hu.webhost.v-comp.ch\/index.php?rest_route=%2Fwp%2Fv2%2Fmedia&parent=2812"}],"curies":[{"name":"wp","href":"https:\/\/api.w.org\/{rel}","templated":true}]}}